a - 36. Suppose -4*y + 229 = i, -4*i = y - i - g. What are the prime factors of y?
2, 29
List the prime factors of (-3884352)/(-1152) - 2/(-12).
2, 3, 281
Let y(p) = p**2 - 6*p - 2. Let a be y(-4). Let o(k) = -k**3 - 28*k**2 + 27*k + 17. Let z be o(-29). Let g = z - a. What are the prime factors of g?
37
Suppose -j - 4 = -2*j + t, 16 = -j + 5*t. Suppose -4*x = -4*c + 44, 4*x + 3*c - j = 3*x. Let g(q) = q**2 - 7. What are the prime factors of g(x)?
29
What are the prime factors of ((3 - 4) + -4)*(-84 - 13)?
5, 97
Suppose -m - 9 = -5*z + 13, 5*z - 13 = 4*m. Suppose k - 290 = -m*f, 3*k = 2*f - 4*f + 198. List the prime factors of f.
2, 3
Let s(h) = -h**3 - h**2 + 1. Let b(v) = v**3 + 9*v**2 + 6*v + 9. Let u(w) = -b(w) - 2*s(w). Let c be u(7). Let p = -25 - c. What are the prime factors of p?
2, 7
Let a be 14467/(-68) - 2/8. Let q = -150 - a. Let i = -13 + q. What are the prime factors of i?
2, 5
Suppose n - 3*n = 14. Let w(y) = -y + 3. Let m be w(n). List the prime factors of m/45 + 61/9.
7
Suppose 2*u = o + 43, -o + 2*u - 42 = u. Let t = o + 62. Suppose 5*k - 4 = t. List the prime factors of k.
5
Let v be 4/(-22) - 230/(-55). Suppose -6 - v = -5*t. Suppose -3*u + 34 = t*m - 0*u, m + 2*u = 18. List the prime factors of m.
2, 7
Let k(z) = z**3 - 2*z**2 + z - 2. Let f be k(3). List the prime factors of f/(-35) - 4122/(-21).
2, 7
Suppose 158*y - 1557 = 155*y. List the prime factors of y.
3, 173
Let j(v) = v - 2. Let y be j(4). Suppose -2*r - 2*d + 80 = 0, -6*d = r - y*d - 34. Let s = -5 + r. List the prime factors of s.
37
Suppose -4*l - 4*j + 69 = -55, -4*l + j + 99 = 0. Suppose -2*s + 248 = 2*u - l, -4 = -2*u. What are the prime factors of s?
3, 5
Let z be (0 + 4)*(11/(-2))/11. List the prime factors of (141/(-6) + z)*-2.
3, 17
Let c(u) = 22*u - 20. Let a be c(14). Suppose -50*p + 47*p = -a. List the prime factors of p.
2, 3
Suppose 5*j = -3*d + 1505, 5*d - 10*d = j - 279. What are the prime factors of j?
2, 19
Let q(u) = -u**2 + 12*u - 18. Let l be q(9). Suppose -4*v = -l - 3. Suppose -v*c + 95 = 2*c. List the prime factors of c.
19
List the prime factors of ((-33566)/(-91))/(5/(-7) - -1).
1291
Let j(i) = 14*i**3 + 3*i**2 + 25*i - 31. List the prime factors of j(6).
3251
Let i = 2203 + 1980. List the prime factors of i.
47, 89
Let c be 4 - (-8)/(16/4). Suppose 10*k - 7*k = c. Suppose -v = -k*w + w + 27, -55 = -2*w + 3*v. List the prime factors of w.
2, 13
Suppose 0*m - 4*a = -4*m + 284, -2*m + 4*a + 140 = 0. Suppose 0 = 5*d - m - 118. List the prime factors of d.
2, 19
Let h = 109 + 285. What are the prime factors of h?
2, 197
Let u = 27 - 25. Suppose u*i + 4*a - 13 = 13, i = a - 2. What are the prime factors of i?
3
Let t = 1312 - -137. List the prime factors of t.
3, 7, 23
What are the prime factors of 255*(-4)/(-12)*13?
5, 13, 17
Let h(n) = 2*n**2 + 19*n - 4. Let s be h(6). Let j = -99 + s. List the prime factors of j.
83
Suppose 25*g - 57047 = 46428. List the prime factors of g.
4139
Let f be (-18)/(-14) + (-16)/56. Suppose f = 4*u - u - a, u - 5*a - 5 = 0. Suppose -3*z - z + 52 = u. What are the prime factors of z?
13
What are the prime factors of 4 + -7*(4 + -3) + 4562?
47, 97
Suppose -3*p - 233*i + 237*i = -5150, -3*i = 2*p - 3456. List the prime factors of p.
2, 3, 7, 41
Let d be (-8)/(-32) - 166/(-8). Let t = 26 - d. Suppose 0 = -0*w + t*w - 110. List the prime factors of w.
2, 11
Suppose 5*g = -3*r + 2425 - 356, -2*r = 4*g - 1382. What are the prime factors of r?
683
Let n(m) = -m - 2*m + 25 + 25 - 4*m. What are the prime factors of n(-24)?
2, 109
Suppose 0 = 3*r - 4*i - 4561, -5*r + 9694 = 2*i + 2101. What are the prime factors of r?
7, 31
Suppose 5*o + 2*d - 4794 = 0, 4*d + 4812 = 30*o - 25*o. List the prime factors of o.
2, 3, 5
Let y(p) = 199*p + 490. What are the prime factors of y(9)?
2281
Let f(c) = c**3 - 5*c**2 - 26*c - 24. List the prime factors of f(11).
2, 13
Let g = -119 + 676. Let h = g - 297. List the prime factors of h.
2, 5, 13
What are the prime factors of 20/(4 + ((-830)/278 - 1))?
2, 5, 139
Let l(y) = y**2 + 8*y + 6. Let j be l(-7). Let u = j - -4. What are the prime factors of 2 + u/9*0?
2
Suppose f - 3*r = 286, -242 = -f + 4*r + 46. What are the prime factors of f?
2, 5, 7
Suppose p - 15 = -10. Suppose 5*q - p*z + 0*z - 165 = 0, 2*z + 8 = 0. What are the prime factors of q?
29
Let j be (1 - -2) + 6/(-3). Let a be 6/j*2/4. Suppose -11 = -o + a. What are the prime factors of o?
2, 7
Let k = 6657 + -3593. List the prime factors of k.
2, 383
Suppose 13*v + 77758 = 47*v. List the prime factors of v.
2287
Let t be 3 - (-3 - (-3 + 0)). Suppose -4*j = o - 185, 0*j - o = t*j - 138. What are the prime factors of j?
47
Suppose s - 12 = d - 2*s, 0 = -s + 4. Let t be (4/3)/((-14)/(-84)). Suppose -2*k + 2*f - 2 = d, -2*k - t = -0*k - 4*f. List the prime factors of k.
2
Let g(p) = 34*p - 25. What are the prime factors of g(13)?
3, 139
Let k = -76 + 78. Suppose -4*w = k*w - 24. What are the prime factors of w?
2
Suppose -q + 4*w + 83 = -181, -1296 = -5*q - 4*w. Suppose 3*r - q = -2*d + 269, -d = -5*r + 886. List the prime factors of r.
3, 59
Let n = -202 - -907. What are the prime factors of n?
3, 5, 47
Let h = 106 + -72. Suppose 0*q + 4*q + h = i, 0 = i - 5*q - 31. What are the prime factors of i?
2, 23
Let j(x) = 7*x**2 + 47*x - 69. What are the prime factors of j(18)?
3, 5, 7, 29
Let r = 399 - -48. List the prime factors of r.
3, 149
Let h = 898 + -612. What are the prime factors of h?
2, 11, 13
Suppose -2*d + 4*d + 2*q - 16 = 0, -5*d = -3*q - 64. Suppose -d = -3*t + 28. Suppose -2*a + a = -t. What are the prime factors of a?
13
Suppose -5*v - 2*c + 8830 = -7*c, -4*v + 7080 = 4*c. List the prime factors of v.
2, 13, 17
Let c be (-1)/3*39 - -8. Suppose -2*o - 40 - 2 = 0. Let r = c - o. List the prime factors of r.
2
Suppose -b + 6*b = -5*r - 39375, 5*b = -r - 7875. Let f be (-1)/8 - r/24. List the prime factors of (f/4)/(4 + -2).
41
Let u(h) = 60 - 54*h - 68 + 19*h. What are the prime factors of u(-3)?
97
List the prime factors of ((-634)/(-4))/((-10)/(-80)).
2, 317
Let q be (-30)/(-24) - (-16758)/8. Suppose -4*w = 4*w - q. List the prime factors of w.
2, 131
Let s(h) = -h**3 + 69*h**2 + 40*h + 15. List the prime factors of s(69).
3, 5, 37
Suppose -5*d + 126 + 354 = 0. Suppose 0*o = 5*o - 4*y + d, -o + 4*y - 32 = 0. Let k = 33 + o. List the prime factors of k.
17
Suppose -4*r - 7 = 21. Let f(q) = -2*q**3 - 12*q**2 + 4*q - 2. What are the prime factors of f(r)?
2, 17
Let n be ((-20)/15)/(8/(-12)). List the prime factors of n/8 - (-279)/4.
2, 5, 7
Let m(b) = b**3 - 3*b**2 + b. Suppose -3 - 2 = 2*q - 5*r, 2*r - 50 = -4*q. Let x be ((-1)/(-2))/1*q. List the prime factors of m(x).
5, 11
List the prime factors of 32/(-272) - 1/(68/(-231616)).
2, 13, 131
What are the prime factors of (-3 - (-486)/30)*-7*-5?
2, 3, 7, 11
Let x(b) = 8*b**3 - 4*b**2 - b + 1. Let y be x(3). Suppose -y - 32 = -5*f. Suppose -3*r = -w + f, 5*r - 84 + 1 = -4*w. List the prime factors of w.
3
Let b(z) = z**2 + 3*z - 15. Let y be b(-7). Suppose k - 48 + y = 0. What are the prime factors of k?
5, 7
Let y = 18 - 15. Suppose y = -k - i + 30, 3*k = i + 89. Suppose 4*b + k - 13 = 0, 4*r + b = 48. What are the prime factors of r?
13
What are the prime factors of 10*((-4)/(-12))/(2/564)?
2, 5, 47
Suppose v + 0 = 4. Let c be 390/4*v/6. Let b = c - 29. What are the prime factors of b?
2, 3
Let p be 2/((4 - 2)/2). Suppose p*g - 7 = -3*t, -6 + 0 = -2*t - g. What are the prime factors of t?
5
List the prime factors of ((-75)/12)/(344/352 - 1).
5, 11
Let c(w) be the second derivative of w**4/4 - w**3/2 + 3*w**2 - w. Let l be c(4). Suppose 5*t + 5*v = 28 + l, -5*t + 66 = v. List the prime factors of t.
13
Let t(u) = -u**2 + 19*u - 4. Let l(y) = -y + 15. Let k be l(7). List the prime factors of t(k).
2, 3, 7
Suppose -11 + 1 = -5*i. Suppose 10*u + 4*p = 5*u + 1258, -4*p = -i*u + 492. List the prime factors of u.
2, 5
Suppose -3*r + 2*n + 0*n = -2722, 5*r = -4*n + 4544. List the prime factors of r.
2, 227
What are the prime factors of (36/21)/((-17)/(-5236))?
2, 3, 11
Let x(n) = -n**2 - 3*n + 3. Let l be x(-5). Let p = 7 + l. Suppose 3*k + 2*t = 14, p = -3*k - 5*t + t + 10. List the prime factors of k.
2, 3
Suppose -5*o + 9*o = 220. Suppose 223 = 4*f + o. What are the prime 